{"id":2,"date":"2016-09-25T16:03:16","date_gmt":"2016-09-25T16:03:16","guid":{"rendered":"http:\/\/www.usinagejmr.ca\/?page_id=2"},"modified":"2016-11-29T07:52:00","modified_gmt":"2016-11-29T14:52:00","slug":"a-propos-de-nous","status":"publish","type":"page","link":"http:\/\/www.usinagejmr.ca\/index.php\/a-propos-de-nous\/","title":{"rendered":"\u00c0 PROPOS DE NOUS"},"content":{"rendered":"<p><strong>La compagnie Usinage de Pr\u00e9cision JMR Inc. a \u00e9t\u00e9 cr\u00e9\u00e9e en 1977 par M. Jean-Marc Roussy. En 1999, M. Michel Dionne, anciennement actionnaire de PEGA s\u2019associe avec M. Roussy pour ensuite en devenir enti\u00e8rement propri\u00e9taire en 2004.\u00a0\u00a0 C&#8217;est en &#8230; que M. David Brabant en devint le nouveau propri\u00e9taire.<\/strong><\/p>\n<p><strong>La compagnie est situ\u00e9e dans le parc industriel de Terrebonne, facilement accessible par les autoroutes 640 et 25.<\/strong><\/p>\n<p><strong>Nous\u00a0\u00a0\u0153uvrons \u00a0dans le domaine de l&#8217;usinage de pr\u00e9cision tel que la fabrication d&#8217;outillage, l&#8217;usinage de pi\u00e8ces conventionnelles et num\u00e9riques, gabarits, pi\u00e8ces de rechange, rectification, assemblage, construction de machinerie et d&#8217;\u00e9quipements sous assembl\u00e9s.<\/strong><\/p>\n<p><strong>Les secteurs que nous desservons sont plus sp\u00e9cialement: \u00a0l&#8217;a\u00e9ronautique, &#8230;.<\/strong><\/p>\n<p>&nbsp;<\/p>\n<p>&nbsp;<\/p>\n<blockquote><p>&nbsp;<\/p><\/blockquote>\n","protected":false},"excerpt":{"rendered":"<p>La compagnie Usinage de Pr\u00e9cision JMR Inc. a \u00e9t\u00e9 cr\u00e9\u00e9e en 1977 par M. Jean-Marc Roussy. En 1999, M. Michel Dionne, anciennement actionnaire de PEGA s\u2019associe avec M. Roussy pour ensuite en devenir enti\u00e8rement propri\u00e9taire en 2004.\u00a0\u00a0 C&#8217;est en &#8230; que M. David Brabant en devint le nouveau propri\u00e9taire. La compagnie est situ\u00e9e dans le &hellip; <a href=\"http:\/\/www.usinagejmr.ca\/index.php\/a-propos-de-nous\/\" class=\"more-link\">Continue reading<span class=\"screen-reader-text\"> &#8220;\u00c0 PROPOS DE NOUS&#8221;<\/span><\/a><\/p>\n","protected":false},"author":5,"featured_media":0,"parent":0,"menu_order":0,"comment_status":"closed","ping_status":"open","template":"","meta":{"footnotes":""},"class_list":["post-2","page","type-page","status-publish","hentry"],"_links":{"self":[{"href":"http:\/\/www.usinagejmr.ca\/index.php\/wp-json\/wp\/v2\/pages\/2","targetHints":{"allow":["GET"]}}],"collection":[{"href":"http:\/\/www.usinagejmr.ca\/index.php\/wp-json\/wp\/v2\/pages"}],"about":[{"href":"http:\/\/www.usinagejmr.ca\/index.php\/wp-json\/wp\/v2\/types\/page"}],"author":[{"embeddable":true,"href":"http:\/\/www.usinagejmr.ca\/index.php\/wp-json\/wp\/v2\/users\/5"}],"replies":[{"embeddable":true,"href":"http:\/\/www.usinagejmr.ca\/index.php\/wp-json\/wp\/v2\/comments?post=2"}],"version-history":[{"count":3,"href":"http:\/\/www.usinagejmr.ca\/index.php\/wp-json\/wp\/v2\/pages\/2\/revisions"}],"predecessor-version":[{"id":66,"href":"http:\/\/www.usinagejmr.ca\/index.php\/wp-json\/wp\/v2\/pages\/2\/revisions\/66"}],"wp:attachment":[{"href":"http:\/\/www.usinagejmr.ca\/index.php\/wp-json\/wp\/v2\/media?parent=2"}],"curies":[{"name":"wp","href":"https:\/\/api.w.org\/{rel}","templated":true}]}}